2) + y. Let f be ((-168)/(-280))/((-1)/(-45)). What is the highest common factor of x and f?
3
Let j = -10 + 14. Suppose 4*o + j*h + 3 - 183 = 0, 2*o - h = 99. Let x = o - 28. What is the greatest common factor of 4 and x?
4
Suppose 97*b = 101*b - 168. Calculate the greatest common factor of b and 84.
42
Suppose -262 = 5*a - y, 3*a + 48 + 102 = -3*y. Let u = -38 - a. Suppose -3*t = -113 + 8. What is the highest common divisor of t and u?
7
Let g be -14 - (-5 + 5/5). Let a be 12 + g + -1*1. Let f be -1 - (a + -22) - 3. Calculate the highest common divisor of 136 and f.
17
Let f be (-39)/(-12) + (-1)/4. Let l be ((-4)/(4/f))/(-1). Suppose c - 31 = 5*h, 0*c - 5*h + 33 = l*c. What is the greatest common factor of 16 and c?
16
Let j = -239 - -282. What is the highest common factor of 1 and j?
1
Let z = -163 - -267. Suppose -5*c + 4*f + 45 + 131 = 0, -z = -3*c + 2*f. What is the greatest common factor of c and 16?
16
Let j = 76 + 246. Suppose 0 = 2*g + 3*r - j, 5*r - 322 = 2*g - 4*g. What is the highest common factor of g and 23?
23
Suppose -4*s = -2*s. Suppose s = a + 1 - 12. Let i be 11/1*(17 - 12). Calculate the greatest common factor of i and a.
11
Let r = -144 - -48. Let d be 6*(-2)/(-4)*r/(-9). Calculate the greatest common factor of d and 64.
32
Suppose 0 = -z - i + 24, z + 3*i - 26 = 2. Calculate the highest common divisor of z and 319.
11
Let s(f) = 8*f - 30. Let z be s(5). Let p(c) = c**3 + 70. Let a be p(0). What is the greatest common divisor of z and a?
10
Suppose 780 = -51*v + 64*v. Suppose s = 84 + 66. What is the highest common factor of v and s?
30
Suppose -p - 12 = 3*p, -5*p = 2*t - 417. Calculate the highest common divisor of t and 120.
24
Let c = -68 + 91. What is the greatest common divisor of c and 1012?
23
Suppose s + 9 = 3*m, 4*m - 4*s - 4 = -0*m. Suppose -m*g = t - 114, 107 = 4*t + 4*g - 337. Calculate the highest common factor of 10 and t.
10
Let h = 389 - -209. What is the greatest common divisor of 26 and h?
26
Let g be 82*((-7)/14 + 1). Calculate the highest common factor of g and 164.
41
Let g be (-5)/10*(3 - 49). Let n be (36/(-8))/3 - 1395/(-10). Calculate the greatest common factor of g and n.
23
Let s(f) = -2*f**2 - 10*f + 6. Let r be s(-5). What is the highest common factor of r and 366?
6
Let s be 5 + 3420/48 + 2/(-8). Calculate the highest common factor of s and 266.
38
Let g(o) = 2*o**2 - 9*o + 6. Let l be g(4). Let p be (6/3 - -2) + l. Calculate the greatest common factor of 2 and p.
2
Let u be (2 + 1)/(75/1550). Suppose 0 = -r + 2. Suppose -3*q - r = -u. Calculate the highest common divisor of 50 and q.
10
Let m = 125 - 21. Calculate the highest common divisor of m and 182.
26
Let z(k) = -k**3 - 9*k**2 - 11*k - 17. Let l be z(-8). Let p be (20/7)/(l/49). Calculate the highest common divisor of p and 50.
10
Let g be (3 + (4 - 6))*-1 - -49. Let v(p) = -p**2 + 2*p**2 + 5 + 3*p - 3. Let b be v(-5). What is the highest common divisor of b and g?
12
Let a = 16 + -12. Suppose -a*w - 7 = 9. Let f be 3/12 + (-647)/w. What is the highest common divisor of 18 and f?
18
Let w(k) = k**3 + 15*k**2 - 5*k - 63. Let j be w(-15). What is the highest common factor of 16 and j?
4
Let g = 2 + 23. Let w be (-15)/4*(-800)/600. What is the highest common factor of w and g?
5
Suppose 8*p - 10*p = -24. What is the greatest common factor of p and 66?
6
Let q be (-21)/4*(-48)/18. Let k = -17 + q. Let u(s) = -s**3 + s**2 + 4. Let n be u(k). What is the greatest common divisor of 60 and n?
20
Suppose v - 2*h - 250 = 2*v, 935 = -4*v + 5*h. Let l be 2/15 - 4768/v. What is the highest common factor of l and 60?
20
Let o = 1 - -3. Suppose -3*p + 9*k - o*k = -110, 142 = 4*p - 2*k. Calculate the highest common factor of 14 and p.
7
Suppose -21 = 2*j - 69. Let g = -111 - -61. Let n = g + 56. Calculate the highest common divisor of j and n.
6
Suppose -17*k + 22*k - 615 = 0. Calculate the greatest common factor of k and 205.
41
Let o = -150 - -160. Let i(r) = r**3 + r**2 + r + 80. Let s be i(0). Calculate the highest common divisor of o and s.
10
Let a(x) = -5*x**2 + 127*x + 22. Let r be a(25). Calculate the highest common divisor of 162 and r.
18
Suppose 0 = 42*k - 25*k - 782. What is the greatest common factor of 115 and k?
23
Suppose -4*l + 9 = -2*l - q, -5 = -5*l - q. Let m(r) = 3*r - 1. Let s be m(l). Let w = -1682 - -1684. What is the highest common divisor of s and w?
1
Let u be 3/6*-2*(1 - 2). Let n(f) = 47*f - 3. Let s be n(u). Calculate the greatest common divisor of s and 66.
22
Let k be (-506)/(-7) - -2*(-9)/63. Calculate the greatest common factor of 324 and k.
36
Suppose 28*v - 3078 = 3194. What is the greatest common factor of v and 70?
14
Let o be 1 + 2*-1 - -21. Let j = -1923 + 1958. What is the highest common divisor of j and o?
5
Suppose -11*g + 5*u = -7*g - 2038, -2*g + 1034 = 5*u. Calculate the highest common factor of 64 and g.
64
Let r(n) = 34*n - 2. Let o = -14 + 17. Let u be r(o). What is the highest common factor of 25 and u?
25
Let d be (-416)/96 + 1/3 + 922. Calculate the highest common factor of d and 68.
34
Let l be (-4)/((-20)/(-75)*-3). Let g = 11 - l. What is the greatest common factor of 4 and g?
2
Let x = -26 + 11. Let p(f) = f**2 + 16*f + 26. Let z be p(x). Calculate the greatest common factor of 99 and z.
11
Suppose -r + 2*r + 1 = 0. Let s be (r - 0) + 0 + 2. Let g be (s - -5) + 2 - 2. Calculate the greatest common factor of 6 and g.
6
Let n = 41 + -25. Let u = -13 + n. Let h be u/15 + 48/10. What is the highest common divisor of 5 and h?
5
Let n be (-48)/(-60)*10*(-2)/(-4). Suppose 0 = -5*z - 4*y + 36, -2*z + y + 4*y - 12 = 0. Let l = 0 + z. Calculate the greatest common divisor of n and l.
4
Suppose 3*m - 8 = -g + m, 5*m = -15. Let n be 5842/138 + (1/(-3) - 0). What is the highest common divisor of n and g?
14
Suppose -q + 135 = -0*q. Suppose -5*r - 15 = -q. Let m(p) = -2*p. Let a be m(-4). What is the greatest common factor of a and r?
8
Let h be (3 + -1)/(10/125). Let o = h - 24. Calculate the highest common divisor of o and 11.
1
Let a = 31 - 9. Suppose -42 = -4*f + a. Suppose -1 + 177 = v. Calculate the greatest common divisor of f and v.
16
Let h(f) = -f**3 + 8*f**2 - 6*f - 10. Let n be h(7). Let j be (-88)/33*n*(-6)/(-4). Calculate the greatest common factor of 12 and j.
12
Let n be 1/((-6)/10 - (-231)/360). Let z(k) = 9*k**3 - k**2 - k + 1. Let v be z(1). Calculate the highest common divisor of n and v.
8
Let f be (-105)/(-14) - 1/2. Suppose -f*p - 50 = -12*p. Let b = 14 - p. Calculate the highest common factor of 44 and b.
4
Let s be (9/6)/(24/272). Calculate the highest common divisor of s and 85.
17
Suppose -u - 15 = -5*t, 2*t = t - 5*u + 3. Let b be (-17)/((-3 - 0)/t). What is the highest common divisor of 153 and b?
17
Let a = 10 - 15. Let f(z) = -z**2 - 4*z + 2. Let y be f(a). Let v be (-32 - 4)/(y + 2). What is the highest common factor of v and 180?
36
Suppose 5*d = 68 - 48. Suppose 4*r + 2*p - 95 = 133, -d = -p. Calculate the greatest common factor of 44 and r.
11
Let c = -72 - -101. Suppose p - c = 9. Let k = p + -20. What is the highest common factor of k and 18?
18
Suppose 16799 = 46*h - 9697. What is the highest common divisor of 36 and h?
36
Let y be 3 + (-2)/((-2)/5). Calculate the greatest common divisor of y and 40.
8
Let d = 14 - 7. Let o be 12/d + (-8)/(-28). Suppose k + 16 = o*k. What is the greatest common factor of 40 and k?
8
Let y(u) = -u**3 + 3*u**2 - 17*u - 1. Let r be y(-7). What is the highest common divisor of r and 32?
32
Let k = 59 - 23. Let g(d) = 7*d - 23. Let m be g(5). What is the greatest common divisor of m and k?
12
Suppose 3*f - 57 = 6. Suppose -2*x = -3*r + 9, 5*r - 3*r + 2 = 4*x. Calculate the highest common divisor of x and f.
3
Suppose -15*f = -14*f - 305. Calculate the greatest common factor of 488 and f.
61
Let c be -3 + ((-76)/((-8)/4))/2. Suppose c*p = 5*p + 3960. What is the highest common divisor of p and 40?
40
Let j(a) = 33*a - 17. Let q be j(9). Calculate the greatest common factor of q and 24.
8
Let u be 1*(0 + 4) - -20. Let p(k) = 2*k + 2. Let s be p(-9). Let x = s + 24. What is the greatest common factor of u and x?
8
Suppose 40*a = 590 + 250. What is the greatest common divisor of 7 and a?
7
Suppose -52 = 2*p - 220. Calculate the greatest comm